osite number?
True
Is 100201361437 prime?
True
Is 4481519621 a prime number?
False
Is 364913683 prime?
False
Is 1100459557 prime?
False
Is 121119520153 a composite number?
True
Is 279996747 prime?
False
Is 2339005133 a composite number?
True
Is 28824790777 a prime number?
False
Is 14610977 prime?
True
Is 9455716849 a composite number?
True
Is 6072078931 a prime number?
False
Is 2622756559 composite?
True
Is 4975240129 a composite number?
True
Is 39228481693 composite?
False
Is 4614253489 composite?
False
Is 25184882321 a prime number?
False
Is 2264920743 composite?
True
Is 2641195589 a composite number?
False
Is 6804719 prime?
False
Is 20393826127 a composite number?
True
Is 4014735601 a composite number?
False
Is 11706690211 a composite number?
True
Is 35952617213 a composite number?
False
Is 1013548922 composite?
True
Is 1885203971 composite?
True
Is 9272386283 prime?
False
Is 54265076377 a composite number?
True
Is 33230292899 a prime number?
True
Is 8533492437 a prime number?
False
Is 18201316559 composite?
True
Is 8076584189 a prime number?
True
Is 674510413 composite?
True
Is 2621243341 composite?
False
Is 20515797221 composite?
False
Is 1132603123 a composite number?
False
Is 89742981949 prime?
True
Is 74226115013 prime?
True
Is 37165649531 a prime number?
False
Is 156695906929 a prime number?
False
Is 18834653807 a composite number?
True
Is 104291627299 composite?
True
Is 7093041389 prime?
False
Is 5998308907 prime?
True
Is 3070429979 a prime number?
False
Is 3407179409 a prime number?
False
Is 126032363521 a prime number?
False
Is 25517670637 prime?
True
Is 1628073479 composite?
False
Is 5007957299 composite?
False
Is 3238657859 composite?
True
Is 24228793849 a composite number?
True
Is 1347116203 a prime number?
True
Is 17693869559 prime?
True
Is 10510001566 composite?
True
Is 2574151159 a prime number?
False
Is 26245291661 prime?
True
Is 9011598679 a prime number?
True
Is 16484718179 a composite number?
True
Is 5063003627 a prime number?
False
Is 3885451597 a prime number?
True
Is 187376303 a prime number?
False
Is 1761162397 prime?
True
Is 17131288677 a composite number?
True
Is 12579094973 prime?
False
Is 2014259771 a prime number?
True
Is 18473800507 prime?
False
Is 1126154581 a composite number?
False
Is 126547895083 a prime number?
True
Is 25000244303 a composite number?
False
Is 2747529623 a composite number?
False
Is 93142991 a prime number?
False
Is 764485807 a composite number?
False
Is 1749044351 prime?
True
Is 4473599899 a composite number?
True
Is 6066825041 prime?
False
Is 87501815341 composite?
False
Is 270653237671 composite?
False
Is 95304731707 prime?
True
Is 10921317023 a prime number?
False
Is 278628593 composite?
True
Is 466698529 a prime number?
False
Is 120962697 a composite number?
True
Is 12296608123 a composite number?
False
Is 10682228749 prime?
False
Is 21675458821 a composite number?
False
Is 7353546323 prime?
True
Is 5760949 prime?
True
Is 11540560571 a composite number?
False
Is 1400510263 composite?
True
Is 60224384953 prime?
True
Is 3603888251 a prime number?
False
Is 9886988233 composite?
True
Is 1325934917 a prime number?
False
Is 4010197793 a composite number?
True
Is 10764660889 composite?
False
Is 103248412901 a prime number?
False
Is 318444319 composite?
False
Is 1330545833 composite?
False
Is 179141993 prime?
True
Is 43189873 a prime number?
False
Is 35980811 composite?
False
Is 8240916731 a prime number?
True
Is 227254889 prime?
True
Is 11919812731 composite?
True
Is 30126997 composite?
False
Is 704112653 a composite number?
False
Is 15677022497 a composite number?
False
Is 24396126649 composite?
False
Is 4169745781 composite?
False
Is 74240311 a composite number?
False
Is 154246243 a composite number?
True
Is 4589521693 a prime number?
False
Is 492856141 a composite number?
False
Is 669952781 composite?
False
Is 21827041183 prime?
False
Is 76356785942 a composite number?
True
Is 112784017 prime?
False
Is 4159172942 a composite number?
True
Is 810561161 a composite number?
False
Is 10571766089 a composite number?
False
Is 24487333037 prime?
False
Is 13180038899 a prime number?
False
Is 151012097 a composite number?
True
Is 2026788061 a composite number?
True
Is 3912240781 a composite number?
False
Is 212226293 composite?
False
Is 4670359091 a prime number?
True
Is 52773114397 a prime number?
True
Is 30090199991 prime?
True
Is 2895202481 prime?
False
Is 1212160517 a composite number?
True
Is 5893905707 composite?
False
Is 3534953207 a composite number?
False
Is 1921244447 a prime number?
True
Is 8225144723 prime?
False
Is 242539283 a composite number?
True
Is 23320247953 a composite number?
True
Is 54433933283 composite?
True
Is 6956261153 a composite number?
True
Is 9348547001 composite?
False
Is 12596587847 a composite number?
False
Is 1209770863 a composite number?
True
Is 2186097971 composite?
False
Is 3273142313 composite?
True
Is 271124693095 composite?
True
Is 18307315183 a composite number?
False
Is 4621340629 a prime number?
False
Is 40237740787 a composite number?
True
Is 3269326027 composite?
True
Is 2060748647 composite?
False
Is 5950844737 composite?
True
Is 217957981 composite?
True
Is 2141329907 prime?
True
Is 34350680761 a composite number?
False
Is 4709961653 prime?
False
Is 150925723199 prime?
True
Is 3615842051 composite?
False
Is 2687678069 a composite number?
False
Is 16337595481 a composite number?
False
Is 13252345051 composite?
True
Is 3027592537 a prime number?
False
Is 43367065699 a prime number?
True
Is 1677588721 prime?
True
Is 3915224401 a composite number?
True
Is 499138993 composite?
False
Is 2193668327 prime?
False
Is 21633911021 composite?
True
Is 7291356463 composite?
True
Is 552862489 a composite number?
True
Is 169597651 composite?
False
Is 37042521517 composite?
True
Is 127306487323 composite?
False
Is 475964831 a prime number?
True
Is 337094707 prime?
False
Is 565716457 prime?
True
Is 155695509779 a prime number?
True
Is 1313563577 a prime number?
False
Is 319983971 a composite number?
True
Is 17354155369 a prime number?
True
Is 137917243199 a composite number?
True
Is 10600299263 a prime number?
True
Is 21639523853 a composite number?
False
Is 4525768081 a composite number?
True
Is 12737586067 composite?
True
Is 9848096429 prime?
True
Is 168525377 a composite number?
True
Is 182249857 composite?
True
Is 11715298051 prime?
True
Is 299733611 a composite number?
False
Is 135873814969 a prime number?
False
Is 955643081 composite?
False
Is 2297403209 a composite number?
False
Is 3861543823 composite?
False
Is 235706551 composite?
True
Is 42862833649 a prime number?
False
Is 2331617891 prime?
False
Is 2961179003 prime?
True
Is 55907602981 a composite number?
True
Is 243921017 a prime number?
False
Is 3016343357 a prime number?
True
Is 258232129 a prime number?
False
Is 221552467 prime?
False
Is 21443134487 a composite number?
True
Is 85219404653 prime?
True
Is 2822296291 a prime number?
True
Is 13425904919 a composite number?
True
Is 3740953747 a prime number?
False
Is 75648348473 prime?
True
Is 4846772479 prime?
True
Is 1392399643 a composite number?
False
Is 1539510653 prime?
True
Is 311435789673 prime?
False
Is 41780710981 a prime number?
False
Is 1006061627 composite?
False
Is 146975329 prime?
False
Is 3536125745 a composite number?
True
Is 16350825767 a composite number?
False
Is 185343539 prime?
True
Is 3550923107 a composite number?
False
Is 8203720817 composite?
False
Is 51271655879 prime?
True
Is 114197519971 a prime number?
False
Is 515248141 prime?
True
Is 17910372043 prime?
False
Is 6765321373 composite?
True
Is 11082660311 composite?
False
Is 570573389 prime?
True
Is 29969869 composite?
False
Is 80891137 prime?
True
Is 3778920161 composite?
False
Is 2042860489 prime?
False
Is 4867587077 a composite number?
True
Is 180731145457 prime?
True
Is 2197031167 a composite number?
True
Is 21610155313 prime?
True
Is 14893628087 a prime number?
False
Is 746496483 a prime number?
False
Is 20932523803 a composite number?
False
Is 23777781361 a prime number?
True
Is 3799407347 a composite number?
False
Is 358836169 a prime number?
False
Is 2890029146 composite?
True
Is 68182511707 a composite number?
False
Is 152148085 prime?
False
Is 4119893227 a composite 